{"id":10911,"date":"2025-10-14T08:02:04","date_gmt":"2025-10-14T08:02:04","guid":{"rendered":"https:\/\/web.tallerandaluzdecocina.com\/espanol\/?post_type=product&#038;p=10911"},"modified":"2025-12-22T22:05:41","modified_gmt":"2025-12-22T22:05:41","slug":"aprende-a-cocinar","status":"publish","type":"product","link":"https:\/\/tallerandaluzdecocina.com\/espanol\/producto\/aprende-a-cocinar\/","title":{"rendered":"Curso \u00abAprende a Cocinar en 7 Sesiones\u00bb"},"content":{"rendered":"<h3>\u00bfTe interesa pero no hay plaza o no puedes venir?<\/h3>\n<p>D\u00e9janos tu e-mail y te avisaremos en caso de que haya nuevas sesiones.<\/p>\n<p style=\"text-align: left;\"><div class=\"tnp tnp-subscription \">\n<form method=\"post\" action=\"https:\/\/tallerandaluzdecocina.com\/espanol\/wp-admin\/admin-ajax.php?action=tnp&amp;na=s\">\n<input type=\"hidden\" name=\"nlang\" value=\"\">\n<div class=\"tnp-field tnp-field-email\"><label for=\"tnp-1\">Email<\/label>\n<input class=\"tnp-email\" type=\"email\" name=\"ne\" id=\"tnp-1\" value=\"\" placeholder=\"\" required><\/div>\n<div class=\"tnp-field tnp-field-button\" style=\"text-align: left\"><input class=\"tnp-submit\" type=\"submit\" value=\"Subscribe\" style=\"\">\n<\/div>\n<\/form>\n<\/div>\n<p>&nbsp;<\/p>\n<p>&nbsp;<\/p>\n<p><strong>Ubicaci\u00f3n y Datos:<\/strong><\/p>\n<p>Taller Andaluz de Cocina (TAC) dispone de 4 cocinas completamente equipadas y repartidas en 3 localizaciones diferentes, todas ellas ubicadas en el barrio de Triana y a poca distancia una de otra. 48 horas antes del taller os enviaremos un correo electr\u00f3nico con la localizaci\u00f3n de la cocina donde haremos el taller.<\/p>\n<p>COCINAS MERCADO DE TRIANA: Mercado de Triana. Puestos 75-79. Plaza del Altozano s\/n. 41010. Sevilla.<\/p>\n<p>COCINA CHAPINA: Plaza de Chapina s\/n. (Acceso por Gracia de Triana). 41010. Sevilla.<\/p>\n<p>COCINA CASTILLA: C\/ Castilla 101. Bajo Derecha. 41010. Sevilla.<\/p>\n<p>Tel: 672 16 26 21<br \/>\nMail: info@tallerandaluzdecocina.com<\/p>\n<h3><\/h3>\n<h3><strong>\u00bfC\u00f3mo funciona el curso \u00abAprende a Cocinar\u00bb?<\/strong><\/h3>\n<p style=\"text-align: justify;\">Una vez hayas formalizado la reserva, podr\u00e1s hacer cualquier modificaci\u00f3n o cancelarla con al menos 7 d\u00edas de antelaci\u00f3n al inicio del taller. Con posterioridad se perder\u00eda el importe de la misma.<\/p>\n<p style=\"text-align: left;\" align=\"left\"><u>Recuerda que debes avisarnos con antelaci\u00f3n si alguna de las personas que realiza el curso tiene alguna alergia o restricci\u00f3n alimentaria<\/u>.<\/p>\n<p style=\"text-align: justify;\">El curso puede ser cancelado si no se llega a un n\u00famero m\u00ednimo de participantes. Te avisar\u00edamos con m\u00e1s de 48 horas de antelaci\u00f3n.<\/p>\n<p style=\"text-align: justify;\">Cuando acudas al taller de cocina en la fecha y hora del taller seleccionado, encontrar\u00e1s a nuestro personal esper\u00e1ndote con todo preparado para comenzar. No has de llevar nada (salvo en algunos talleres en concreto que te pediremos expresamente que traigas un tupper para que te puedas llevar a casa algunas de las preparaciones), y tendr\u00e1s un puesto de cocina esper\u00e1ndote con un delantal, tabla de corte, cuchillo\/s y\/o cualquier utensilio necesario para cocinar las recetas del taller seleccionado. Adem\u00e1s, todos los ingredientes para la clase estar\u00e1n dispuestos en la encimera, y nuestro personal comenzar\u00e1 la clase explicando qu\u00e9 se va a cocinar, la din\u00e1mica de la clase y cualquier otra informaci\u00f3n necesaria.<\/p>\n<p>&nbsp;<\/p>\n<h3><strong>Talleres pr\u00e1cticos, participativos y adaptados a todos los niveles<\/strong><\/h3>\n<p style=\"text-align: justify;\" align=\"justify\">Los Talleres presenciales en Taller Andaluz de Cocina (TAC) son pr\u00e1cticos, participativos y adaptados a todos los niveles. Est\u00e1n dirigidos a un <b>p\u00fablico adulto<\/b>, (\u00a1excepto los talleres para ni\u00f1os o para familias, claro!), son impartidos por <b>cocineros profesionales<\/b>, y est\u00e1n dise\u00f1ados para que todos los participantes colaboren en la elaboraci\u00f3n de todas las recetas. Normalmente hacemos una preparaci\u00f3n com\u00fan de cada una de las recetas, en la que todos los asistentes participan, guiados por nuestros cocineros profesionales para asegurarnos que el resultado es el mejor. En algunos talleres concretos, las preparaciones son individuales.<\/p>\n<h3>Env\u00edo de Material Did\u00e1ctico en formato PDF<\/h3>\n<p style=\"text-align: left;\" align=\"justify\">Al finalizar el curso, mandamos el material did\u00e1ctico por email en formato pdf, para que no lo pierdas y puedas practicar en casa.<\/p>\n<h3>\u00bfTienes dudas?<\/h3>\n<p style=\"text-align: justify;\" align=\"justify\">Si tienes alguna duda puedes contactar directamente con nosotros por tel\u00e9fono en el <strong>672 16 26 21<\/strong> o email en <strong>info@tallerandaluzdecocina.com<\/strong>.<\/p>\n","protected":false},"excerpt":{"rendered":"<p align=\"justify\">Este es un curso pr\u00e1ctico-te\u00f3rico en el que a lo largo de sus\u00a0<strong>7 semanas de duraci\u00f3n<\/strong>\u00a0ense\u00f1aremos todas las t\u00e9cnicas, trucos y recetas de lo que hemos cre\u00eddo imprescindible en cada cocina: carnes, pescados, verduras, legumbres, arroces, pastas y masas.<\/p>\n<p align=\"justify\">El Taller proporcionar\u00e1 todos los ingredientes y utensilios necesarios para el funcionamiento del curso. Tambi\u00e9n proporcionaremos material did\u00e1ctico de cada sesi\u00f3n a todos los alumnos, que les servir\u00e1 de gu\u00eda para cualquier tipo de consulta una vez finalizado el curso.<\/p>\n<p>El curso se divide en 7 sesiones*:<\/p>\n<p align=\"justify\"><strong>SESI\u00d3N 1<\/strong>: CARNES. Cortes, puntos de cocci\u00f3n, recetas recomendadas.<\/p>\n<p align=\"justify\"><strong>SESI\u00d3N 2<\/strong>: PESCADOS. Tipos, limpieza y preparaci\u00f3n con recetas b\u00e1sicas.<\/p>\n<p align=\"justify\"><strong>SESI\u00d3N 3<\/strong>: VERDURA. Verdura de temporada, corte, preparaci\u00f3n de verduras encurtidas. Recetas.<\/p>\n<p align=\"justify\"><strong>SESI\u00d3N 4<\/strong>: LEGUMBRES Y GUISOS. Cocciones de garbanzos y jud\u00edas. Potajes y ollas tradicionales. Nuevos usos.<\/p>\n<p align=\"justify\"><strong>SESI\u00d3N 5<\/strong>: ARROCES. Tipos de arroz y sus usos. Fondos. Arroz caldoso, en paella y al horno.<\/p>\n<p align=\"justify\"><strong>SESI\u00d3N 6<\/strong>: PASTAS. Tipos de pasta fresca. Pasta al huevo y con s\u00e9mola de trigo duro. Pasta rellena. Salsas.<\/p>\n<p align=\"justify\"><strong>SESI\u00d3N 7<\/strong>: MASAS Tipos de harinas y sus usos. Diferentes masas fermentadas y no fermentadas. Tipos de fermentaciones. Masa madre. Masa de pan b\u00e1sica. Masa quebrada. Bizcocho cl\u00e1sico.<\/p>\n<p align=\"justify\">*El orden y el contenido de las sesiones es susceptible de ser modificado ligeramente.<\/p>\n<table style=\"border: 0px;\" border=\"0\" cellspacing=\"0\">\n<tbody>\n<tr>\n<td style=\"text-align: left; vertical-align: middle; border: 0px; width: 194px;\"><a class=\"boton-art\" href=\"https:\/\/tallerandaluzdecocina.com\/espanol\/talleres-presenciales-texto\/#regalo\" target=\"_blank\" rel=\"noopener\">Como usar un Bono Regalo<\/a><\/td>\n<td style=\"text-align: left; vertical-align: middle; border: 0px; width: 4px;\"><\/td>\n<td style=\"text-align: right; vertical-align: middle; border: 0px; width: 166px;\"><a class=\"boton-art\" href=\"https:\/\/tallerandaluzdecocina.com\/espanol\/bono-regalo\/\" target=\"_blank\" rel=\"noopener\">Quiero regalar un taller<\/a><\/td>\n<\/tr>\n<\/tbody>\n<\/table>\n<p>&nbsp;<\/p>\n","protected":false},"featured_media":10912,"template":"","meta":{"_monsterinsights_skip_tracking":false,"_monsterinsights_sitenote_active":false,"_monsterinsights_sitenote_note":"","_monsterinsights_sitenote_category":0},"product_brand":[],"product_cat":[37],"product_tag":[],"class_list":{"0":"post-10911","1":"product","2":"type-product","3":"status-publish","4":"has-post-thumbnail","6":"product_cat-talleres-presenciales","7":"bookacti-activity","10":"first","11":"instock","12":"virtual","13":"purchasable","14":"product-type-simple"},"yoast_head":"<!-- This site is optimized with the Yoast SEO plugin v26.8 - https:\/\/yoast.com\/product\/yoast-seo-wordpress\/ -->\n<title>Curso &quot;Aprende a Cocinar en 7 Sesiones&quot; - Taller Andaluz de Cocina<\/title>\n<meta name=\"robots\" content=\"index, follow, max-snippet:-1, max-image-preview:large, max-video-preview:-1\" \/>\n<link rel=\"canonical\" href=\"https:\/\/tallerandaluzdecocina.com\/espanol\/producto\/aprende-a-cocinar\/\" \/>\n<meta property=\"og:locale\" content=\"es_ES\" \/>\n<meta property=\"og:type\" content=\"article\" \/>\n<meta property=\"og:title\" content=\"Curso &quot;Aprende a Cocinar en 7 Sesiones&quot; - Taller Andaluz de Cocina\" \/>\n<meta property=\"og:description\" content=\"Este es un curso pr\u00e1ctico-te\u00f3rico en el que a lo largo de sus\u00a07 semanas de duraci\u00f3n\u00a0ense\u00f1aremos todas las t\u00e9cnicas, trucos y recetas de lo que hemos cre\u00eddo imprescindible en cada cocina: carnes, pescados, verduras, legumbres, arroces, pastas y masas. El Taller proporcionar\u00e1 todos los ingredientes y utensilios necesarios para el funcionamiento del curso. Tambi\u00e9n proporcionaremos material did\u00e1ctico de cada sesi\u00f3n a todos los alumnos, que les servir\u00e1 de gu\u00eda para cualquier tipo de consulta una vez finalizado el curso. El curso se divide en 7 sesiones*: SESI\u00d3N 1: CARNES. Cortes, puntos de cocci\u00f3n, recetas recomendadas. SESI\u00d3N 2: PESCADOS. Tipos, limpieza y preparaci\u00f3n con recetas b\u00e1sicas. SESI\u00d3N 3: VERDURA. Verdura de temporada, corte, preparaci\u00f3n de verduras encurtidas. Recetas. SESI\u00d3N 4: LEGUMBRES Y GUISOS. Cocciones de garbanzos y jud\u00edas. Potajes y ollas tradicionales. Nuevos usos. SESI\u00d3N 5: ARROCES. Tipos de arroz y sus usos. Fondos. Arroz caldoso, en paella y al horno. SESI\u00d3N 6: PASTAS. Tipos de pasta fresca. Pasta al huevo y con s\u00e9mola de trigo duro. Pasta rellena. Salsas. SESI\u00d3N 7: MASAS Tipos de harinas y sus usos. Diferentes masas fermentadas y no fermentadas. Tipos de fermentaciones. Masa madre. Masa de pan b\u00e1sica. Masa quebrada. Bizcocho cl\u00e1sico. *El orden y el contenido de las sesiones es susceptible de ser modificado ligeramente.     Como usar un Bono Regalo  Quiero regalar un taller    &nbsp;\" \/>\n<meta property=\"og:url\" content=\"https:\/\/tallerandaluzdecocina.com\/espanol\/producto\/aprende-a-cocinar\/\" \/>\n<meta property=\"og:site_name\" content=\"Taller Andaluz de Cocina\" \/>\n<meta property=\"article:modified_time\" content=\"2025-12-22T22:05:41+00:00\" \/>\n<meta property=\"og:image\" content=\"https:\/\/tallerandaluzdecocina.com\/espanol\/wp-content\/uploads\/2025\/10\/fotogrupo.jpeg\" \/>\n\t<meta property=\"og:image:width\" content=\"1200\" \/>\n\t<meta property=\"og:image:height\" content=\"1200\" \/>\n\t<meta property=\"og:image:type\" content=\"image\/jpeg\" \/>\n<meta name=\"twitter:card\" content=\"summary_large_image\" \/>\n<meta name=\"twitter:label1\" content=\"Tiempo de lectura\" \/>\n\t<meta name=\"twitter:data1\" content=\"3 minutos\" \/>\n<script type=\"application\/ld+json\" class=\"yoast-schema-graph\">{\"@context\":\"https:\/\/schema.org\",\"@graph\":[{\"@type\":\"WebPage\",\"@id\":\"https:\/\/tallerandaluzdecocina.com\/espanol\/producto\/aprende-a-cocinar\/\",\"url\":\"https:\/\/tallerandaluzdecocina.com\/espanol\/producto\/aprende-a-cocinar\/\",\"name\":\"Curso \\\"Aprende a Cocinar en 7 Sesiones\\\" - Taller Andaluz de Cocina\",\"isPartOf\":{\"@id\":\"https:\/\/tallerandaluzdecocina.com\/espanol\/#website\"},\"primaryImageOfPage\":{\"@id\":\"https:\/\/tallerandaluzdecocina.com\/espanol\/producto\/aprende-a-cocinar\/#primaryimage\"},\"image\":{\"@id\":\"https:\/\/tallerandaluzdecocina.com\/espanol\/producto\/aprende-a-cocinar\/#primaryimage\"},\"thumbnailUrl\":\"https:\/\/tallerandaluzdecocina.com\/espanol\/wp-content\/uploads\/2025\/10\/fotogrupo.jpeg\",\"datePublished\":\"2025-10-14T08:02:04+00:00\",\"dateModified\":\"2025-12-22T22:05:41+00:00\",\"breadcrumb\":{\"@id\":\"https:\/\/tallerandaluzdecocina.com\/espanol\/producto\/aprende-a-cocinar\/#breadcrumb\"},\"inLanguage\":\"es\",\"potentialAction\":[{\"@type\":\"ReadAction\",\"target\":[\"https:\/\/tallerandaluzdecocina.com\/espanol\/producto\/aprende-a-cocinar\/\"]}]},{\"@type\":\"ImageObject\",\"inLanguage\":\"es\",\"@id\":\"https:\/\/tallerandaluzdecocina.com\/espanol\/producto\/aprende-a-cocinar\/#primaryimage\",\"url\":\"https:\/\/tallerandaluzdecocina.com\/espanol\/wp-content\/uploads\/2025\/10\/fotogrupo.jpeg\",\"contentUrl\":\"https:\/\/tallerandaluzdecocina.com\/espanol\/wp-content\/uploads\/2025\/10\/fotogrupo.jpeg\",\"width\":1200,\"height\":1200},{\"@type\":\"BreadcrumbList\",\"@id\":\"https:\/\/tallerandaluzdecocina.com\/espanol\/producto\/aprende-a-cocinar\/#breadcrumb\",\"itemListElement\":[{\"@type\":\"ListItem\",\"position\":1,\"name\":\"Home\",\"item\":\"https:\/\/tallerandaluzdecocina.com\/espanol\/\"},{\"@type\":\"ListItem\",\"position\":2,\"name\":\"Tienda\",\"item\":\"https:\/\/tallerandaluzdecocina.com\/espanol\/tienda\/\"},{\"@type\":\"ListItem\",\"position\":3,\"name\":\"Curso \u00abAprende a Cocinar en 7 Sesiones\u00bb\"}]},{\"@type\":\"WebSite\",\"@id\":\"https:\/\/tallerandaluzdecocina.com\/espanol\/#website\",\"url\":\"https:\/\/tallerandaluzdecocina.com\/espanol\/\",\"name\":\"Taller Andaluz de Cocina\",\"description\":\"Talleres de cocina de muy diversas nacionalidades\",\"potentialAction\":[{\"@type\":\"SearchAction\",\"target\":{\"@type\":\"EntryPoint\",\"urlTemplate\":\"https:\/\/tallerandaluzdecocina.com\/espanol\/?s={search_term_string}\"},\"query-input\":{\"@type\":\"PropertyValueSpecification\",\"valueRequired\":true,\"valueName\":\"search_term_string\"}}],\"inLanguage\":\"es\"}]}<\/script>\n<!-- \/ Yoast SEO plugin. -->","yoast_head_json":{"title":"Curso \"Aprende a Cocinar en 7 Sesiones\" - Taller Andaluz de Cocina","robots":{"index":"index","follow":"follow","max-snippet":"max-snippet:-1","max-image-preview":"max-image-preview:large","max-video-preview":"max-video-preview:-1"},"canonical":"https:\/\/tallerandaluzdecocina.com\/espanol\/producto\/aprende-a-cocinar\/","og_locale":"es_ES","og_type":"article","og_title":"Curso \"Aprende a Cocinar en 7 Sesiones\" - Taller Andaluz de Cocina","og_description":"Este es un curso pr\u00e1ctico-te\u00f3rico en el que a lo largo de sus\u00a07 semanas de duraci\u00f3n\u00a0ense\u00f1aremos todas las t\u00e9cnicas, trucos y recetas de lo que hemos cre\u00eddo imprescindible en cada cocina: carnes, pescados, verduras, legumbres, arroces, pastas y masas. El Taller proporcionar\u00e1 todos los ingredientes y utensilios necesarios para el funcionamiento del curso. Tambi\u00e9n proporcionaremos material did\u00e1ctico de cada sesi\u00f3n a todos los alumnos, que les servir\u00e1 de gu\u00eda para cualquier tipo de consulta una vez finalizado el curso. El curso se divide en 7 sesiones*: SESI\u00d3N 1: CARNES. Cortes, puntos de cocci\u00f3n, recetas recomendadas. SESI\u00d3N 2: PESCADOS. Tipos, limpieza y preparaci\u00f3n con recetas b\u00e1sicas. SESI\u00d3N 3: VERDURA. Verdura de temporada, corte, preparaci\u00f3n de verduras encurtidas. Recetas. SESI\u00d3N 4: LEGUMBRES Y GUISOS. Cocciones de garbanzos y jud\u00edas. Potajes y ollas tradicionales. Nuevos usos. SESI\u00d3N 5: ARROCES. Tipos de arroz y sus usos. Fondos. Arroz caldoso, en paella y al horno. SESI\u00d3N 6: PASTAS. Tipos de pasta fresca. Pasta al huevo y con s\u00e9mola de trigo duro. Pasta rellena. Salsas. SESI\u00d3N 7: MASAS Tipos de harinas y sus usos. Diferentes masas fermentadas y no fermentadas. Tipos de fermentaciones. Masa madre. Masa de pan b\u00e1sica. Masa quebrada. Bizcocho cl\u00e1sico. *El orden y el contenido de las sesiones es susceptible de ser modificado ligeramente.     Como usar un Bono Regalo  Quiero regalar un taller    &nbsp;","og_url":"https:\/\/tallerandaluzdecocina.com\/espanol\/producto\/aprende-a-cocinar\/","og_site_name":"Taller Andaluz de Cocina","article_modified_time":"2025-12-22T22:05:41+00:00","og_image":[{"width":1200,"height":1200,"url":"https:\/\/tallerandaluzdecocina.com\/espanol\/wp-content\/uploads\/2025\/10\/fotogrupo.jpeg","type":"image\/jpeg"}],"twitter_card":"summary_large_image","twitter_misc":{"Tiempo de lectura":"3 minutos"},"schema":{"@context":"https:\/\/schema.org","@graph":[{"@type":"WebPage","@id":"https:\/\/tallerandaluzdecocina.com\/espanol\/producto\/aprende-a-cocinar\/","url":"https:\/\/tallerandaluzdecocina.com\/espanol\/producto\/aprende-a-cocinar\/","name":"Curso \"Aprende a Cocinar en 7 Sesiones\" - Taller Andaluz de Cocina","isPartOf":{"@id":"https:\/\/tallerandaluzdecocina.com\/espanol\/#website"},"primaryImageOfPage":{"@id":"https:\/\/tallerandaluzdecocina.com\/espanol\/producto\/aprende-a-cocinar\/#primaryimage"},"image":{"@id":"https:\/\/tallerandaluzdecocina.com\/espanol\/producto\/aprende-a-cocinar\/#primaryimage"},"thumbnailUrl":"https:\/\/tallerandaluzdecocina.com\/espanol\/wp-content\/uploads\/2025\/10\/fotogrupo.jpeg","datePublished":"2025-10-14T08:02:04+00:00","dateModified":"2025-12-22T22:05:41+00:00","breadcrumb":{"@id":"https:\/\/tallerandaluzdecocina.com\/espanol\/producto\/aprende-a-cocinar\/#breadcrumb"},"inLanguage":"es","potentialAction":[{"@type":"ReadAction","target":["https:\/\/tallerandaluzdecocina.com\/espanol\/producto\/aprende-a-cocinar\/"]}]},{"@type":"ImageObject","inLanguage":"es","@id":"https:\/\/tallerandaluzdecocina.com\/espanol\/producto\/aprende-a-cocinar\/#primaryimage","url":"https:\/\/tallerandaluzdecocina.com\/espanol\/wp-content\/uploads\/2025\/10\/fotogrupo.jpeg","contentUrl":"https:\/\/tallerandaluzdecocina.com\/espanol\/wp-content\/uploads\/2025\/10\/fotogrupo.jpeg","width":1200,"height":1200},{"@type":"BreadcrumbList","@id":"https:\/\/tallerandaluzdecocina.com\/espanol\/producto\/aprende-a-cocinar\/#breadcrumb","itemListElement":[{"@type":"ListItem","position":1,"name":"Home","item":"https:\/\/tallerandaluzdecocina.com\/espanol\/"},{"@type":"ListItem","position":2,"name":"Tienda","item":"https:\/\/tallerandaluzdecocina.com\/espanol\/tienda\/"},{"@type":"ListItem","position":3,"name":"Curso \u00abAprende a Cocinar en 7 Sesiones\u00bb"}]},{"@type":"WebSite","@id":"https:\/\/tallerandaluzdecocina.com\/espanol\/#website","url":"https:\/\/tallerandaluzdecocina.com\/espanol\/","name":"Taller Andaluz de Cocina","description":"Talleres de cocina de muy diversas nacionalidades","potentialAction":[{"@type":"SearchAction","target":{"@type":"EntryPoint","urlTemplate":"https:\/\/tallerandaluzdecocina.com\/espanol\/?s={search_term_string}"},"query-input":{"@type":"PropertyValueSpecification","valueRequired":true,"valueName":"search_term_string"}}],"inLanguage":"es"}]}},"jetpack_sharing_enabled":true,"_links":{"self":[{"href":"https:\/\/tallerandaluzdecocina.com\/espanol\/wp-json\/wp\/v2\/product\/10911","targetHints":{"allow":["GET"]}}],"collection":[{"href":"https:\/\/tallerandaluzdecocina.com\/espanol\/wp-json\/wp\/v2\/product"}],"about":[{"href":"https:\/\/tallerandaluzdecocina.com\/espanol\/wp-json\/wp\/v2\/types\/product"}],"wp:featuredmedia":[{"embeddable":true,"href":"https:\/\/tallerandaluzdecocina.com\/espanol\/wp-json\/wp\/v2\/media\/10912"}],"wp:attachment":[{"href":"https:\/\/tallerandaluzdecocina.com\/espanol\/wp-json\/wp\/v2\/media?parent=10911"}],"wp:term":[{"taxonomy":"product_brand","embeddable":true,"href":"https:\/\/tallerandaluzdecocina.com\/espanol\/wp-json\/wp\/v2\/product_brand?post=10911"},{"taxonomy":"product_cat","embeddable":true,"href":"https:\/\/tallerandaluzdecocina.com\/espanol\/wp-json\/wp\/v2\/product_cat?post=10911"},{"taxonomy":"product_tag","embeddable":true,"href":"https:\/\/tallerandaluzdecocina.com\/espanol\/wp-json\/wp\/v2\/product_tag?post=10911"}],"curies":[{"name":"wp","href":"https:\/\/api.w.org\/{rel}","templated":true}]}}